November 20, 2023 - 12:55:42 PM
NOAA-style Climate Reports
Select a Year or Month report
Report for 2022 May
MONTHLY CLIMATOLOGICAL SUMMARY for MAY. 2022 NAME: Foxton CITY: Oakford STATE: Western Australia ELEV: 29 m LAT: 32° 11' 24" S LONG: 115° 54' 42" E TEMPERATURE (°C), RAIN (mm), WIND SPEED (km/hr) HEAT COOL AVG MEAN DEG DEG WIND DOM DAY TEMP HIGH TIME LOW TIME DAYS DAYS RAIN SPEED HIGH TIME DIR ------------------------------------------------------------------------------------ 1 15.4 25.1 2:00p 6.4 7:15a 4.7 1.7 0.0 0.2 12.9 2:15p SW 2 15.8 23.7 1:45p 6.6 7:00a 3.8 1.3 0.0 0.6 19.3 2:10p WSW 3 14.9 21.7 2:35p 8.9 7:35a 4.0 0.6 0.0 1.3 24.1 10:25a S 4 14.6 20.2 2:10p 8.6 3:25a 3.9 0.2 0.0 1.4 22.5 11:10a SE 5 15.1 21.1 2:40p 8.5 12:00m 3.7 0.5 0.0 1.1 24.1 4:30a SE 6 14.1 22.8 2:30p 6.7 11:25p 5.2 1.0 0.0 0.5 17.7 10:35a NNE 7 13.7 25.0 2:25p 4.9 2:25a 6.2 1.6 0.0 0.2 12.9 9:35a NNE 8 15.4 25.5 1:05p 6.4 2:40a 4.7 1.9 0.0 0.3 17.7 2:50p W 9 15.7 24.5 2:10p 7.3 7:10a 4.3 1.7 0.0 0.0 14.5 2:40p WSW 10 15.1 24.1 12:20p 8.3 5:00a 4.5 1.3 0.0 0.5 24.1 4:25p W 11 15.4 22.0 2:20p 7.9 4:10a 3.7 0.8 0.2 0.0 11.3 3:40p W 12 13.3 16.7 12:05a 10.7 12:00m 5.0 0.0 12.0 1.3 27.4 9:00a S 13 13.1 18.9 1:05p 7.2 6:30a 5.2 0.0 1.4 1.1 27.4 2:45p WSW 14 15.2 20.1 12:20p 11.1 12:35a 3.3 0.1 4.6 0.5 32.2 3:55p WSW 15 14.5 18.5 1:25p 10.8 9:50p 3.8 0.0 0.6 0.0 9.7 4:15p W 16 14.3 21.5 2:15p 7.4 6:45a 4.7 0.7 0.0 0.2 16.1 11:10a NE 17 16.1 24.6 2:05p 8.5 4:40a 3.6 1.4 7.2 0.2 9.7 8:45a NE 18 16.8 22.2 2:05p 12.8 10:50p 2.1 0.7 0.8 0.2 14.5 3:30p NE 19 16.1 22.0 2:10p 11.0 7:45a 2.9 0.7 0.2 0.0 9.7 9:00a W 20 16.8 21.2 2:10p 13.7 12:00m 1.9 0.4 3.4 0.2 11.3 12:55p WSW 21 16.9 25.5 2:05p 10.1 7:40a 3.2 1.8 0.2 0.0 14.5 11:25a N 22 15.2 23.6 1:15p 9.7 7:00a 3.7 0.6 14.6 0.6 25.7 1:50p N 23 15.5 19.2 3:35p 13.6 7:00a 2.9 0.0 59.0 1.8 33.8 9:15p N 24 17.3 21.4 11:15a 11.7 12:00m 1.4 0.4 5.0 1.9 33.8 3:40a W 25 13.1 20.3 12:00p 7.1 7:35a 5.4 0.2 0.2 0.0 4.8 10:55a W 26 13.2 21.8 2:05p 5.1 6:55a 5.8 0.7 0.2 0.0 14.5 10:55a NNE 27 15.3 24.7 2:40p 8.8 7:35a 4.4 1.3 0.0 0.0 9.7 4:35p NE 28 14.7 22.2 12:20p 7.6 7:40a 4.3 0.7 0.0 1.0 29.0 9:00p S 29 10.7 17.6 2:15p 3.5 7:40a 7.7 0.0 0.0 1.8 32.2 12:10p S 30 10.9 18.3 2:25p 2.4 7:25a 7.4 0.0 0.0 0.5 17.7 11:10a S 31 12.5 17.7 2:10p 6.7 6:45a 5.8 0.0 0.0 0.3 16.1 1:15p SE ------------------------------------------------------------------------------------- 14.7 25.5 8 2.4 30 133.1 22.2 109.6 0.6 33.8 23 W Max >= 32.0: 0 Max <= 0.0: 0 Min <= 0.0: 0 Min <= -18.0: 0 Max Rain: 59.00 ON 23/05/22 Days of Rain: 15 (> .2 mm) 7 (> 2 mm) 1 (> 20 mm) Heat Base: 18.3 Cool Base: 18.3 Method: Integration