November 20, 2023 - 12:55:42 PM
NOAA-style Climate Reports
Select a Year or Month report
Report for 2020 May
MONTHLY CLIMATOLOGICAL SUMMARY for MAY. 2020 NAME: Kairos CITY: Maddington STATE: Western Australia ELEV: 20 m LAT: 32° 06' 00" S LONG: 116° 00' 00" E TEMPERATURE (°C), RAIN (mm), WIND SPEED (km/hr) HEAT COOL AVG MEAN DEG DEG WIND DOM DAY TEMP HIGH TIME LOW TIME DAYS DAYS RAIN SPEED HIGH TIME DIR ------------------------------------------------------------------------------------ 1 17.7 24.6 2:55p 11.1 3:50a 2.1 1.6 0.0 6.1 38.6 9:25a ENE 2 21.4 29.9 2:45p 14.9 5:05a 0.8 3.9 0.0 3.5 24.1 1:15a ENE 3 23.0 30.7 12:55p 16.8 6:20a 0.1 4.8 0.0 4.8 30.6 10:15a ENE 4 19.4 23.7 12:25p 16.4 12:00m 0.2 1.3 17.0 4.5 33.8 12:15p N 5 17.8 23.4 1:00p 14.4 10:25p 1.4 0.9 6.2 10.8 53.1 1:15p WNW 6 12.9 16.4 12:55p 10.6 10:45p 5.4 0.0 7.6 7.1 54.7 9:05a SW 7 13.7 17.5 11:45a 9.7 4:20a 4.6 0.0 6.4 1.0 27.4 4:15p NW 8 14.2 19.5 1:25p 8.5 11:20p 4.2 0.1 2.6 1.9 27.4 2:25p SSW 9 14.1 21.3 3:05p 8.4 12:00m 4.7 0.5 0.0 4.2 35.4 8:35a E 10 16.5 26.1 2:00p 8.4 12:05a 3.7 1.9 0.0 2.4 25.7 5:50a SW 11 14.2 23.8 2:50p 5.9 6:30a 5.2 1.2 0.0 1.4 19.3 4:40p SSW 12 17.9 23.1 2:10p 12.3 12:05a 1.4 1.1 0.0 6.1 38.6 5:55a E 13 19.7 28.9 2:45p 14.2 12:00m 1.4 2.8 0.0 6.0 45.1 2:50a E 14 18.1 28.8 3:35p 9.4 7:25a 3.2 3.0 0.0 1.4 20.9 2:35p NW 15 15.2 24.8 2:15p 6.2 7:15a 4.6 1.5 0.0 2.3 27.4 5:50p SW 16 16.4 21.1 3:10p 11.8 2:10a 2.4 0.5 0.0 3.7 33.8 11:20p E 17 16.2 22.3 12:15p 10.6 12:00m 2.9 0.8 0.0 3.5 29.0 12:10a SW 18 12.9 20.0 2:10p 6.6 6:25a 5.6 0.2 0.0 3.2 32.2 10:25a S 19 12.9 20.5 3:15p 5.7 6:35a 5.8 0.4 0.0 1.1 20.9 12:20a SSW 20 13.9 20.9 2:05p 8.6 12:00m 4.8 0.5 0.0 1.4 22.5 9:35a SE 21 14.3 22.7 3:05p 6.3 3:10a 4.8 0.8 0.0 1.6 24.1 10:05a ENE 22 17.7 25.7 2:45p 10.1 12:05a 2.4 1.8 0.0 6.1 35.4 4:55a ENE 23 20.7 27.9 2:55p 14.8 5:20a 0.8 3.3 0.0 8.2 45.1 11:10p ENE 24 17.7 21.9 11:15a 13.1 5:30p 2.0 1.5 19.4 16.6 70.8 3:05p NNE 25 13.4 17.5 2:55a 8.8 11:45p 4.9 0.0 19.6 10.0 54.7 3:05a WSW 26 13.3 17.9 1:05p 8.8 12:05a 5.0 0.0 0.4 0.2 12.9 1:05p NW 27 15.3 20.1 3:45p 12.4 5:15a 3.2 0.2 2.0 4.3 29.0 2:20p N 28 15.7 19.9 3:55p 13.4 2:10a 2.7 0.1 17.4 7.1 35.4 3:30p N 29 14.9 20.0 12:20p 12.1 11:55p 3.5 0.0 39.2 7.6 49.9 12:35p N 30 12.8 17.1 3:55p 8.4 6:20a 5.5 0.0 0.8 1.9 30.6 11:55a WSW 31 15.8 20.5 2:05p 12.2 12:00m 2.7 0.2 5.2 1.8 24.1 1:05p WSW ------------------------------------------------------------------------------------- 16.1 30.7 3 5.7 19 102.3 34.9 143.8 4.6 70.8 24 ENE Max >= 32.0: 0 Max <= 0.0: 0 Min <= 0.0: 0 Min <= -18.0: 0 Max Rain: 39.19 ON 29/05/20 Days of Rain: 13 (> .2 mm) 11 (> 2 mm) 1 (> 20 mm) Heat Base: 18.3 Cool Base: 18.3 Method: Integration