November 20, 2023 - 12:55:42 PM
NOAA-style Climate Reports
Select a Year or Month report
Report for 2020 Mar
MONTHLY CLIMATOLOGICAL SUMMARY for MAR. 2020 NAME: Kairos CITY: Maddington STATE: Western Australia ELEV: 20 m LAT: 32° 06' 00" S LONG: 116° 00' 00" E TEMPERATURE (°C), RAIN (mm), WIND SPEED (km/hr) HEAT COOL AVG MEAN DEG DEG WIND DOM DAY TEMP HIGH TIME LOW TIME DAYS DAYS RAIN SPEED HIGH TIME DIR ------------------------------------------------------------------------------------ 1 23.1 28.1 2:20p 17.9 12:00m 0.0 4.8 0.0 8.0 51.5 11:40a ESE 2 22.3 29.3 2:15p 15.9 5:40a 0.5 4.5 0.0 8.5 46.7 9:15a ESE 3 25.5 35.9 3:05p 17.7 6:35a 0.0 7.2 0.0 6.1 43.5 9:15a E 4 26.9 36.5 12:55p 17.6 12:00m 0.0 8.7 0.0 3.9 24.1 5:30a E 5 24.4 35.9 3:05p 14.4 6:30a 0.8 6.9 0.0 1.4 20.9 10:55a SW 6 23.1 29.2 2:55p 18.9 6:40a 0.0 4.8 0.0 2.6 38.6 12:25p SW 7 22.8 30.3 1:40p 19.6 4:45a 0.0 4.5 0.0 2.3 27.4 3:10p SW 8 25.6 34.8 3:30p 17.8 6:15a 0.0 7.3 0.0 3.4 53.1 11:05p SW 9 27.8 37.1 3:40p 22.1 7:05a 0.0 9.6 0.0 12.4 54.7 1:30a E 10 28.3 37.4 3:30p 20.8 6:30a 0.0 10.0 0.0 6.0 43.5 2:25a E 11 27.6 38.3 1:50p 20.4 6:40a 0.0 9.2 0.0 6.8 48.3 3:50a E 12 24.8 34.8 3:35p 16.1 6:25a 0.3 6.8 0.0 6.0 56.3 11:25p SW 13 26.0 33.6 3:50p 19.3 6:15a 0.0 7.7 0.0 15.3 66.0 7:45a E 14 25.2 30.8 3:00p 20.6 12:00m 0.0 6.9 5.0 8.0 51.5 3:05a E 15 22.8 27.3 1:00p 20.2 5:45a 0.0 4.5 1.4 3.1 25.7 4:15p WNW 16 23.2 30.0 2:45p 18.9 3:45a 0.0 4.9 0.4 1.9 27.4 2:20p WNW 17 19.9 26.7 11:45a 14.4 12:00m 0.6 2.2 9.8 2.9 45.1 12:55p WNW 18 18.0 25.3 1:55p 13.0 6:50a 1.7 1.4 0.4 3.1 29.0 3:25p SW 19 18.7 26.7 2:10p 13.0 5:20a 1.6 2.0 0.0 2.3 22.5 10:20a SSW 20 24.1 34.0 2:45p 17.6 1:05a 0.0 5.8 0.0 2.9 35.4 8:50a SW 21 24.1 32.3 2:00p 17.1 4:00a 0.1 5.9 0.0 11.3 61.2 9:40p E 22 24.8 32.4 3:25p 19.0 6:40a 0.0 6.5 0.0 18.3 61.2 1:55a E 23 26.1 33.9 3:25p 19.5 6:45a 0.0 7.8 0.0 11.1 51.5 4:50a E 24 27.9 36.4 3:05p 21.1 6:30a 0.0 9.6 0.0 10.3 43.5 3:20a E 25 28.1 36.6 1:30p 22.6 12:00m 0.0 9.8 0.0 6.6 37.0 1:05a WNW 26 28.5 39.4 1:25p 18.4 6:45a 0.0 10.2 0.0 1.3 20.9 11:10a SW 27 25.3 29.2 12:40p 21.8 11:05p 0.0 7.0 0.0 6.0 29.0 1:40p WNW 28 20.4 25.1 1:45p 16.6 12:00m 0.1 2.3 2.6 4.7 33.8 10:20a SW 29 17.9 24.8 3:05p 13.4 6:00a 1.8 1.4 0.0 1.6 27.4 4:00p SW 30 17.4 24.6 11:35a 10.6 6:25a 2.6 1.8 0.0 2.9 27.4 4:00p SW 31 19.1 27.6 2:15p 11.4 6:55a 1.9 2.7 0.0 2.3 29.0 5:45p SW ------------------------------------------------------------------------------------- 23.9 39.4 26 10.6 30 12.1 184.9 19.6 5.9 66.0 13 E Max >= 32.0: 16 Max <= 0.0: 0 Min <= 0.0: 0 Min <= -18.0: 0 Max Rain: 9.80 ON 17/03/20 Days of Rain: 6 (> .2 mm) 3 (> 2 mm) 0 (> 20 mm) Heat Base: 18.3 Cool Base: 18.3 Method: Integration